{"id":1348,"date":"2020-05-14T00:41:19","date_gmt":"2020-05-13T22:41:19","guid":{"rendered":"http:\/\/s811621482.onlinehome.fr\/?page_id=1348"},"modified":"2024-08-06T17:10:03","modified_gmt":"2024-08-06T15:10:03","slug":"mentions-legales","status":"publish","type":"page","link":"https:\/\/www.nicolasmassing.com\/premium\/mentions-legales\/","title":{"rendered":"Mentions l\u00e9gales"},"content":{"rendered":"\t\t<div data-elementor-type=\"wp-page\" data-elementor-id=\"1348\" class=\"elementor elementor-1348\">\n\t\t\t\t\t\t<div class=\"elementor-inner\">\n\t\t\t\t<div class=\"elementor-section-wrap\">\n\t\t\t\t\t\t\t\t\t<section class=\"elementor-section elementor-top-section elementor-element elementor-element-a4ca4b6 elementor-section-content-middle elementor-section-boxed elementor-section-height-default elementor-section-height-default\" data-id=\"a4ca4b6\" data-element_type=\"section\">\n\t\t\t\t\t\t<div class=\"elementor-container elementor-column-gap-no\">\n\t\t\t\t\t\t\t<div class=\"elementor-row\">\n\t\t\t\t\t<div class=\"elementor-column elementor-col-100 elementor-top-column elementor-element elementor-element-270ca4f\" data-id=\"270ca4f\" data-element_type=\"column\">\n\t\t\t<div class=\"elementor-column-wrap elementor-element-populated\">\n\t\t\t\t\t\t\t<div class=\"elementor-widget-wrap\">\n\t\t\t\t\t\t<div class=\"elementor-element elementor-element-b9abcec elementor-widget elementor-widget-heading\" data-id=\"b9abcec\" data-element_type=\"widget\" data-widget_type=\"heading.default\">\n\t\t\t\t<div class=\"elementor-widget-container\">\n\t\t\t<h4 class=\"elementor-heading-title elementor-size-default\">1. IDENTIFICATION DE L\u2019\u00c9DITEUR ET DE L\u2019H\u00c9BERGEUR<\/h4>\t\t<\/div>\n\t\t\t\t<\/div>\n\t\t\t\t<div class=\"elementor-element elementor-element-12ef503 elementor-widget elementor-widget-text-editor\" data-id=\"12ef503\" data-element_type=\"widget\" data-widget_type=\"text-editor.default\">\n\t\t\t\t<div class=\"elementor-widget-container\">\n\t\t\t\t\t\t\t\t<div class=\"elementor-text-editor elementor-clearfix\">\n\t\t\t\t<p><b>\u00c9diteur<\/b> :&nbsp;Le pr\u00e9sent site est \u00e9dit\u00e9 par la soci\u00e9t\u00e9 BETHEL 2, S.A.S. au capital de 3000 euros , siren 841&nbsp;697&nbsp;816 00020.\u2028<br><b>Si\u00e8ge<\/b> :&nbsp;51 rue Daguerre , 75014 Paris<br><b>\u2028H\u00e9bergeur<\/b> :&nbsp;Le pr\u00e9sent site est h\u00e9berg\u00e9 par la soci\u00e9t\u00e9 1&amp;1 IONOS, SARL au capital de 100 000 euros, dont le si\u00e8ge est situ\u00e9 au 7 , Place de la Gare , BP 70109 , 57200 Sarreguemines Cedex , SIRET 43130377500016.Tel&nbsp;: 09 70 80 89 11,&nbsp; Site Internet : <a href=\"https:\/\/www.ionos.fr\/\" target=\"_blank\" rel=\"noopener\"><span style=\"color: #0000ff;\">www.ionos.fr<\/span><\/a><b><br><\/b><\/p>\n<p><b>Directeur de publication : Monsieur LUBIKULU Rabbi<\/b><\/p>\n<p>Les pr\u00e9sentes conditions d\u2019utilisation du Site internet NICOLAS MASSING de Bethel 2 accessible \u00e0 l\u2019adresse <span style=\"color: #0000ff;\"><a style=\"color: #0000ff;\" href=\"https:\/\/nicolasmassing.com\/\" target=\"_blank\" rel=\"noopener\">www.nicolasmassing.com\/premium<\/a> <\/span>sont destin\u00e9es aux clients et internautes visitant le Site. Elles d\u00e9taillent les droits de propri\u00e9t\u00e9 intellectuelle d\u00e9tenus par Bethel 2 sur les produits et les diff\u00e9rents \u00e9l\u00e9ments du Site ainsi que la politique de Bethel 2 en mati\u00e8re de protection et de traitement des donn\u00e9es \u00e0 caract\u00e8re personnel que les clients ou les internautes visitant le Site pourraient \u00eatre amen\u00e9s \u00e0 lui communiquer.<\/p>\t\t\t\t\t<\/div>\n\t\t\t\t\t\t<\/div>\n\t\t\t\t<\/div>\n\t\t\t\t<div class=\"elementor-element elementor-element-b7b6e34 elementor-widget elementor-widget-heading\" data-id=\"b7b6e34\" data-element_type=\"widget\" data-widget_type=\"heading.default\">\n\t\t\t\t<div class=\"elementor-widget-container\">\n\t\t\t<h4 class=\"elementor-heading-title elementor-size-default\">2. COLLECTE DES DONN\u00c9ES A CARACT\u00c8RE PERSONNEL<\/h4>\t\t<\/div>\n\t\t\t\t<\/div>\n\t\t\t\t<div class=\"elementor-element elementor-element-7a12d41 elementor-widget elementor-widget-text-editor\" data-id=\"7a12d41\" data-element_type=\"widget\" data-widget_type=\"text-editor.default\">\n\t\t\t\t<div class=\"elementor-widget-container\">\n\t\t\t\t\t\t\t\t<div class=\"elementor-text-editor elementor-clearfix\">\n\t\t\t\t<p>Dans le respect de la r\u00e9glementation en vigueur NICOLAS MASSING de Bethel 2 peut \u00eatre amen\u00e9 \u00e0 collecter des donn\u00e9es concernant ses clients ou les internautes visitant le site internet <span style=\"color: #0000ff;\"><a style=\"color: #0000ff;\" href=\"https:\/\/nicolasmassing.com\/\" target=\"_blank\" rel=\"noopener\">www.nicolasmassing.com\/premium<\/a><\/span> et cela , afin de mieux vous conna\u00eetre et vous offrir un service personnalis\u00e9, de v\u00e9rifier le bon fonctionnement du site\u00a0\u00a0 et d\u2019am\u00e9liorer nos services , tout particuli\u00e8rement dans le cadre de la relation commerciale ou client, lors d\u2019un achat ou d\u2019un essayage en boutique, d\u2019un \u00e9change entre les \u00e9quipes de Bethel 2 et vous\u00a0 ou encore lors de votre inscription sur \u00e0 notre newsletter.<\/p><p>Sauf opposition de votre part, cette collecte pourra comporter\u00a0: vos coordonn\u00e9es, informations personnelles ainsi que vos pr\u00e9f\u00e9rences, souhaits ou remarques en lien avec les produits ou activit\u00e9s de la marque NICOLAS MASSING de BETHEL 2.<\/p><p><b>\u00a0<\/b><\/p><h5><b>Finalit\u00e9s de la collecte<\/b><\/h5><p>Les Donn\u00e9es sont n\u00e9cessaires \u00e0 la gestion de la relation entre NICOLAS MASSING de BETHEL 2 et vous, notamment \u00e0 la gestion des op\u00e9rations automatis\u00e9es ou manuelles suivantes :\u2028\u2022 Gestion de la relation commerciale : commandes, livraisons, factures, comptabilit\u00e9, r\u00e9clamations, enqu\u00eates de satisfaction, SAV, statistiques commerciales ; gestion des impay\u00e9s et des contentieux ; recueil des avis clients relativement aux produits, services ou contenus ;\u2028\u2022 Gestion de la relation client: suivi de la relation client, actions de fid\u00e9lisation, de prospection commerciale , de transmission d\u2019informations relatives \u00e0 Nicolas Massing de Bethel 2 et \u00e0 son activit\u00e9 ; gestion de votre inscription \u00e0 la newsletter (y compris le d\u00e9sabonnement) ;\u2028\u2022 Statistiques, \u00e9tudes et analyses marketing, am\u00e9lioration du Site, analyse du parcours-produit, des produits et services de Nicolas Massing de Bethel 2 ;\u2028\u2022 Gestion de vos demandes de droit d&#8217;acc\u00e8s, de rectification et d&#8217;opposition ;<\/p><h5>\u00a0<\/h5><h5><b>Destinataires des Donn\u00e9es et transferts de Donn\u00e9es<\/b><\/h5><p>Le personnel administratif et commercial de Nicolas Massing de Bethel 2, destinataire des donn\u00e9es pour toutes les finalit\u00e9s indiqu\u00e9es ci-dessus ainsi que pour les finalit\u00e9s plus op\u00e9rationnelles de centralisation de la base de donn\u00e9es informatiques et des op\u00e9rations de prospection commerciale est situ\u00e9 en France.<br \/>Nicolas Massing de Bethel 2 s\u2019engage \u00e0 ne transmettre vos Donn\u00e9es \u00e0 des tiers qu\u2019uniquement dans l\u2019un des cas suivants :<br \/>&#8211; Vous avez express\u00e9ment donn\u00e9 votre accord pr\u00e9alable pour le partage de vos donn\u00e9es .\u2028- Le partage des donn\u00e9es \u00e0 des tiers est n\u00e9cessaire pour vous fournir le service que vous demandez.\u2028- Nicolas Massing de Bethel 2 est somm\u00e9 par une autorit\u00e9 judiciaire ou administrative de lui communiquer vos Donn\u00e9es .<br \/>Nicolas Massing de Bethel 2 peut avoir recours \u00e0 un ou plusieurs prestataires d\u2019h\u00e9bergement de donn\u00e9es et\/ou de support\/maintenance informatique. Ces derniers ne sont en aucun cas situ\u00e9s hors de l\u2019Union europ\u00e9enne si bien que vos donn\u00e9es ne seront pas transmises en dehors de l\u2019Union Europ\u00e9enne telle qu\u2019elle existe au jour des pr\u00e9sentes.<\/p><h5>\u00a0<\/h5><h5><b>Conservation des Donn\u00e9es<\/b><\/h5><p>Les Donn\u00e9es sont conserv\u00e9es uniquement pendant la dur\u00e9e n\u00e9cessaire aux finalit\u00e9s pour lesquelles elles ont \u00e9t\u00e9 collect\u00e9es. Les principales dur\u00e9es de conservation sont les suivantes :\u00a0\u2028- Pour la gestion de Votre abonnement \u00e0 la newsletter, nous conserverons Vos Donn\u00e9es aussi longtemps que Votre abonnement est actif ;\u2028- Pour les commandes de Produits sur notre Site, nous conserverons Vos Donn\u00e9es le temps de la gestion de Votre commande et ensuite 10 ans afin de r\u00e9pondre aux obligations comptables et juridiques ;\u2028- Pour les op\u00e9rations de prospection commerciale avec Votre accord, nous conservons Vos Donn\u00e9es pendant un d\u00e9lai de 3 ans \u00e0 compter de la fin de la relation commerciale avec Vous (c&#8217;est-\u00e0-dire par exemple apr\u00e8s un achat, l&#8217;expiration d&#8217;un contrat de prestations de services, le dernier contact avec Vous par correspondance demeur\u00e9 sans r\u00e9ponse).<\/p><h5>\u00a0<\/h5><h5><b><span id=\"Cookies_et_t\u00e9moins_de_connexion_Internet\">Cookies et t\u00e9moins de connexion Internet<\/span><\/b><\/h5><p>Afin de faciliter votre navigation sur le Site, Nicolas Massing de Bethel 2, utilise des t\u00e9moins de connexions (ci-apr\u00e8s les &#8220;Cookies&#8221;) ou syst\u00e8mes similaires. Ces Cookies Vous offrent une meilleure qualit\u00e9 de service en enregistrant des informations relatives \u00e0 votre navigation.<br \/>Ces cookies ne permettent pas de vous identifier individuellement et leur dur\u00e9e est strictement limit\u00e9e \u00e0 la dur\u00e9e de votre session de navigation.<br \/>Vous pouvez refuser l\u2019enregistrement des cookies en ajustant les param\u00e8tres de votre navigateur Internet. Cette op\u00e9ration pourra cependant entra\u00eener, dans certains cas, la suppression de tous les cookies utilis\u00e9s par le navigateur, y compris ceux employ\u00e9s par d\u2019autres sites internet, ce qui peut conduire \u00e0 l&#8217;alt\u00e9ration ou la perte de certains param\u00e9trages ou informations. La suppression des cookies peut \u00eatre de nature \u00e0 modifier la qualit\u00e9 de navigation sur le site, voire la rendre moins fluide.<br \/>Vous pouvez vous opposer \u00e0 l&#8217;enregistrement de cookies en configurant votre navigateur de la mani\u00e8re suivante :<\/p><ul><li>Pour Microsoft Internet Explorer 6.0 et plus :\u20281. Choisissez le menu &#8220;Outils&#8221; (ou &#8220;Tools&#8221;), puis &#8220;Options Internet&#8221; (ou &#8220;Internet Options&#8221;).\u20282. Cliquez sur l&#8217;onglet &#8220;Confidentialit\u00e9&#8221; (ou &#8220;Confidentiality&#8221;).\u20283. S\u00e9lectionnez le niveau souhait\u00e9 \u00e0 l&#8217;aide du curseur.<\/li><li>Pour Firefox :\u20281. Choisissez le menu &#8220;Outils&#8221;&gt;&#8221;Options&#8221;.\u20282. Cliquez sur l&#8217;option &#8220;Vie priv\u00e9e&#8221;.<\/li><li>Pour Safari 3.x pour Mac OS X :\u20281. Ouvrez Safari.\u20282. Cliquez sur l&#8217;option &#8220;Pr\u00e9f\u00e9rences&#8221;.\u20283. Cliquez sur l&#8217;option &#8220;Confidentialit\u00e9&#8221;.\u20284. S\u00e9lectionnez &#8220;Bloquer les cookies&#8221;.<\/li><\/ul><h5>\u00a0<\/h5><h5><strong>G\u00e9rer les pr\u00e9f\u00e9rences en mati\u00e8re de cookies<\/strong><\/h5><p><button class=\"cky-banner-element\">Param\u00e8tres des cookies<\/button><\/p><h5>\u00a0<\/h5><h5><b>Droit d\u2019acc\u00e8s, de rectification, de suppression et d\u2019opposition au traitement<\/b><\/h5><p>Vous disposez d&#8217;un droit d&#8217;acc\u00e8s, de rectification de suppression des informations personnelles Vous concernant, ainsi que la possibilit\u00e9 de vous opposer au traitement de Vos Donn\u00e9es. Vous pouvez exercer ces droits \u00e0 tout moment en adressant un courrier \u00e0 l&#8217;adresse suivante :<br \/>Email :\u00a0<span style=\"color: #0000ff;\"><a style=\"color: #0000ff;\" href=\"mailto:serviceclient@nicolasmassing.com\">serviceclient@nicolasmassing.com<\/a>\u2028<\/span><br \/>Adresse postale : Nicolas Massing\u00a0 \u2013 Service Clients \u2013 51 rue Daguerre , 75014 Paris, France<\/p>\t\t\t\t\t<\/div>\n\t\t\t\t\t\t<\/div>\n\t\t\t\t<\/div>\n\t\t\t\t<div class=\"elementor-element elementor-element-1c4d832 elementor-widget elementor-widget-heading\" data-id=\"1c4d832\" data-element_type=\"widget\" data-widget_type=\"heading.default\">\n\t\t\t\t<div class=\"elementor-widget-container\">\n\t\t\t<h4 class=\"elementor-heading-title elementor-size-default\">3. S\u00c9CURIT\u00c9 DU SITE<\/h4>\t\t<\/div>\n\t\t\t\t<\/div>\n\t\t\t\t<div class=\"elementor-element elementor-element-9e7c040 elementor-widget elementor-widget-text-editor\" data-id=\"9e7c040\" data-element_type=\"widget\" data-widget_type=\"text-editor.default\">\n\t\t\t\t<div class=\"elementor-widget-container\">\n\t\t\t\t\t\t\t\t<div class=\"elementor-text-editor elementor-clearfix\">\n\t\t\t\t<p>Nicolas Massing de Bethel 2 , a mis en place des mesures de s\u00e9curit\u00e9 techniques et organisationnelles pour pr\u00e9server la confidentialit\u00e9 et la s\u00e9curit\u00e9 des donn\u00e9es trait\u00e9es et emp\u00eacher qu\u2019elles ne soient d\u00e9form\u00e9es, endommag\u00e9es, d\u00e9truites ou que des tiers non autoris\u00e9s y aient acc\u00e8s.<br \/><br \/>Cependant, Nicolas Massing de Bethel 2 ,\u00a0 ne ma\u00eetrise pas tous les risques li\u00e9s au fonctionnement d&#8217;Internet et attire l&#8217;attention des utilisateurs du site sur l&#8217;existence d&#8217;\u00e9ventuels risques inh\u00e9rents \u00e0 son utilisation et \u00e0 son fonctionnement.<br \/><br \/>Nicolas Massing de Bethel 2\u00a0 ne garantit pas que le site soit disponible de mani\u00e8re continue, sans interruption provisoire, sans suspension ou sans erreur. Sans limiter la port\u00e9e des autres dispositions des pr\u00e9sentes Conditions d\u2019Utilisation ou des CGV dans le cadre de l\u2019activit\u00e9 e-commerce du Site, la responsabilit\u00e9 de Nicolas Massing de Bethel 2 ne pourra \u00eatre retenue qu\u2019en cas de faute prouv\u00e9e lui \u00e9tant exclusivement imputable. En tout \u00e9tat de cause, elle sera limit\u00e9e aux seuls dommages directs. Nicolas Massing de Bethel 2 se r\u00e9serve le droit de suspendre l\u2019exploitation du Site.<\/p>\t\t\t\t\t<\/div>\n\t\t\t\t\t\t<\/div>\n\t\t\t\t<\/div>\n\t\t\t\t<div class=\"elementor-element elementor-element-f12fb46 elementor-widget elementor-widget-heading\" data-id=\"f12fb46\" data-element_type=\"widget\" data-widget_type=\"heading.default\">\n\t\t\t\t<div class=\"elementor-widget-container\">\n\t\t\t<h4 class=\"elementor-heading-title elementor-size-default\">4. COPYRIGHT \u2013 PROPRI\u00c9T\u00c9 INTELLECTUELLE<\/h4>\t\t<\/div>\n\t\t\t\t<\/div>\n\t\t\t\t<div class=\"elementor-element elementor-element-4a06c31 elementor-widget elementor-widget-text-editor\" data-id=\"4a06c31\" data-element_type=\"widget\" data-widget_type=\"text-editor.default\">\n\t\t\t\t<div class=\"elementor-widget-container\">\n\t\t\t\t\t\t\t\t<div class=\"elementor-text-editor elementor-clearfix\">\n\t\t\t\t<div data-id=\"880df64\" data-element_type=\"text-editor.default\"><div><div><p>Bethel 2\u00a0 est titulaire du nom de domaine nicolasmassing.com. Le site dans son ensemble, ainsi que les \u00e9l\u00e9ments qui le composent (notamment, textes, arborescence, logiciels, animations, photographies, illustrations, sch\u00e9mas, repr\u00e9sentations graphiques, logos, etc.) constituent des \u0153uvres de l\u2019esprit prot\u00e9g\u00e9es par les articles L.111-1 et suivants du Code de la propri\u00e9t\u00e9 intellectuelle. Le site ainsi que les \u00e9l\u00e9ments qui le composent sont la propri\u00e9t\u00e9 exclusive de Bethel 2, seule habilit\u00e9e \u00e0 utiliser les droits de propri\u00e9t\u00e9 intellectuelle et droits de la personnalit\u00e9 y aff\u00e9rents, notamment marques, mod\u00e8les, droits d\u2019auteur et droit \u00e0 l\u2019image, \u00e0 titre originaire ou par l\u2019effet d\u2019une licence ou d\u2019une autorisation expresse.<\/p><p>L\u2019usage de tout ou partie du site, notamment par t\u00e9l\u00e9chargement, reproduction, transmission, repr\u00e9sentation ou diffusion \u00e0 d\u2019autres fins que pour l\u2019usage personnel et priv\u00e9 dans un but non commercial de l\u2019internaute est strictement interdit. La violation de ces dispositions soumet son auteur aux sanctions pr\u00e9vues tant par le Code de la propri\u00e9t\u00e9 intellectuelle au titre notamment de la contrefa\u00e7on de droits d\u2019auteur.<\/p><h5>\u00a0<\/h5><h5><b>Modification des Conditions d\u2019Utilisation<\/b><\/h5><\/div><div>Bethel 2\u00a0 peut \u00eatre amen\u00e9 \u00e0 modifier les pr\u00e9sentes Conditions d\u2019Utilisation. Nous veillerons \u00e0 ce que Vous soyez inform\u00e9(e) de ces modifications soit par une mention sp\u00e9ciale sur notre Site, soit par un avertissement personnalis\u00e9 notamment dans le cadre de nos envois de la newsletter.<\/div><\/div><\/div>\t\t\t\t\t<\/div>\n\t\t\t\t\t\t<\/div>\n\t\t\t\t<\/div>\n\t\t\t\t\t\t<\/div>\n\t\t\t\t\t<\/div>\n\t\t<\/div>\n\t\t\t\t\t\t\t\t<\/div>\n\t\t\t\t\t<\/div>\n\t\t<\/section>\n\t\t\t\t\t\t\t\t\t<\/div>\n\t\t\t<\/div>\n\t\t\t\t\t<\/div>\n\t\t","protected":false},"excerpt":{"rendered":"<p>1. IDENTIFICATION DE L\u2019\u00c9DITEUR ET DE L\u2019H\u00c9BERGEUR \u00c9diteur :&nbsp;Le pr\u00e9sent site est \u00e9dit\u00e9 par la soci\u00e9t\u00e9 BETHEL 2, S.A.S. au capital de 3000 euros , siren 841&nbsp;697&nbsp;816 00020.\u2028Si\u00e8ge :&nbsp;51 rue Daguerre , 75014 Paris\u2028H\u00e9bergeur :&nbsp;Le pr\u00e9sent site est h\u00e9berg\u00e9 par la soci\u00e9t\u00e9 1&amp;1 IONOS, SARL au capital de 100 000 euros, dont le si\u00e8ge est <\/p>\n<div><a class=\"zoli-read-more-link\" href=\"https:\/\/www.nicolasmassing.com\/premium\/mentions-legales\/\">Read More<span class=\"lexus-icon-Icon_Next\"><\/span><\/a><\/div>\n","protected":false},"author":1,"featured_media":0,"parent":0,"menu_order":0,"comment_status":"closed","ping_status":"open","template":"","meta":[],"aioseo_notices":[],"_links":{"self":[{"href":"https:\/\/www.nicolasmassing.com\/premium\/wp-json\/wp\/v2\/pages\/1348"}],"collection":[{"href":"https:\/\/www.nicolasmassing.com\/premium\/wp-json\/wp\/v2\/pages"}],"about":[{"href":"https:\/\/www.nicolasmassing.com\/premium\/wp-json\/wp\/v2\/types\/page"}],"author":[{"embeddable":true,"href":"https:\/\/www.nicolasmassing.com\/premium\/wp-json\/wp\/v2\/users\/1"}],"replies":[{"embeddable":true,"href":"https:\/\/www.nicolasmassing.com\/premium\/wp-json\/wp\/v2\/comments?post=1348"}],"version-history":[{"count":9,"href":"https:\/\/www.nicolasmassing.com\/premium\/wp-json\/wp\/v2\/pages\/1348\/revisions"}],"predecessor-version":[{"id":2431,"href":"https:\/\/www.nicolasmassing.com\/premium\/wp-json\/wp\/v2\/pages\/1348\/revisions\/2431"}],"wp:attachment":[{"href":"https:\/\/www.nicolasmassing.com\/premium\/wp-json\/wp\/v2\/media?parent=1348"}],"curies":[{"name":"wp","href":"https:\/\/api.w.org\/{rel}","templated":true}]}}